{"id":266,"date":"2013-08-15T09:52:24","date_gmt":"2013-08-15T07:52:24","guid":{"rendered":"http:\/\/www.naef-kanal.ch\/kanalreinigung\/?page_id=266"},"modified":"2013-09-10T14:10:03","modified_gmt":"2013-09-10T12:10:03","slug":"entsorgung","status":"publish","type":"page","link":"https:\/\/www.naef-kanal.ch\/kanalreinigung\/dienstleistungen\/entsorgung\/","title":{"rendered":"Entsorgung"},"content":{"rendered":"<h2>Entsorgung von fl\u00fcssigen und festen Materialien.<\/h2>\n<p>&nbsp;<\/p>\n<p>Folgende fl\u00fcssige und feste Materialien k\u00f6nnen wir ohne Mengenbeschr\u00e4nkung entsorgen:<\/p>\n<p>&nbsp;<\/p>\n<ul>\n<li>Strassen- und Platzschlamm (Schlammsammler und Einlaufsch\u00e4chte)<\/li>\n<li>\u00d6l- und Fettabscheider (Industrie und Gastronomie)<\/li>\n<li>Alt\u00f6l \/ \u00d6labscheider<\/li>\n<li>Industrieabf\u00e4lle<\/li>\n<li>Chemieabf\u00e4lle<\/li>\n<li>Sonderabf\u00e4lle auf Anfrage<\/li>\n<\/ul>\n<p>&nbsp;<\/p>\n<p>Wir verf\u00fcgen \u00fcber zwei eigene Entsorgungsanlagen, mit welchen wir Schlamm fachgerecht entw\u00e4ssern und entsorgen k\u00f6nnen.<\/p>\n<p>Fragen Sie uns f\u00fcr Ihren Auftrag an, <a href=\"https:\/\/www.naef-kanal.ch\/kanalreinigung\/kontakt\">verlangen Sie unsere Offerte<\/a>!<\/p>\n","protected":false},"excerpt":{"rendered":"<p>Entsorgung von fl\u00fcssigen und festen Materialien. &nbsp; Folgende fl\u00fcssige und feste Materialien k\u00f6nnen wir ohne Mengenbeschr\u00e4nkung entsorgen: &nbsp; Strassen- und Platzschlamm (Schlammsammler und Einlaufsch\u00e4chte) \u00d6l- und Fettabscheider (Industrie und Gastronomie) Alt\u00f6l \/ \u00d6labscheider Industrieabf\u00e4lle Chemieabf\u00e4lle Sonderabf\u00e4lle auf Anfrage &nbsp; Wir verf\u00fcgen \u00fcber zwei eigene Entsorgungsanlagen, mit welchen wir Schlamm fachgerecht entw\u00e4ssern und entsorgen k\u00f6nnen. Fragen [&hellip;]<\/p>\n","protected":false},"author":2,"featured_media":0,"parent":13,"menu_order":3,"comment_status":"open","ping_status":"closed","template":"","meta":{"footnotes":""},"class_list":["post-266","page","type-page","status-publish","hentry"],"_links":{"self":[{"href":"https:\/\/www.naef-kanal.ch\/kanalreinigung\/wp-json\/wp\/v2\/pages\/266","targetHints":{"allow":["GET"]}}],"collection":[{"href":"https:\/\/www.naef-kanal.ch\/kanalreinigung\/wp-json\/wp\/v2\/pages"}],"about":[{"href":"https:\/\/www.naef-kanal.ch\/kanalreinigung\/wp-json\/wp\/v2\/types\/page"}],"author":[{"embeddable":true,"href":"https:\/\/www.naef-kanal.ch\/kanalreinigung\/wp-json\/wp\/v2\/users\/2"}],"replies":[{"embeddable":true,"href":"https:\/\/www.naef-kanal.ch\/kanalreinigung\/wp-json\/wp\/v2\/comments?post=266"}],"version-history":[{"count":0,"href":"https:\/\/www.naef-kanal.ch\/kanalreinigung\/wp-json\/wp\/v2\/pages\/266\/revisions"}],"up":[{"embeddable":true,"href":"https:\/\/www.naef-kanal.ch\/kanalreinigung\/wp-json\/wp\/v2\/pages\/13"}],"wp:attachment":[{"href":"https:\/\/www.naef-kanal.ch\/kanalreinigung\/wp-json\/wp\/v2\/media?parent=266"}],"curies":[{"name":"wp","href":"https:\/\/api.w.org\/{rel}","templated":true}]}}